{"id":19,"date":"2024-02-13T19:44:23","date_gmt":"2024-02-13T18:44:23","guid":{"rendered":"https:\/\/borealnetwork.org\/store\/?post_type=product&#038;p=19"},"modified":"2024-02-13T19:47:21","modified_gmt":"2024-02-13T18:47:21","slug":"app-multiplataforma-movil","status":"publish","type":"product","link":"https:\/\/borealnetwork.org\/store\/index.php\/product\/app-multiplataforma-movil\/","title":{"rendered":"Desarrollo de aplicacion Android e iOS multiplataforma Y BackEnd"},"content":{"rendered":"<p><img decoding=\"async\" src=\"https:\/\/fiverr-res.cloudinary.com\/images\/q_auto,f_auto\/gigs\/217863057\/original\/a78665f6f8ffdc427f68aa9a0da8f66d1bc4f3a7\/develop-react-native-apps.png\" alt=\"Desarrollar aplicaciones nativas reaccionar\" \/><\/p>\n<p>Obten tu aplicaci\u00f3n mutiplataforma tipo landing, o cualquier otro tipo Nivel 1 de manera facil.<\/p>\n<p>Si eres una empresa peque\u00f1a o mediana, y necesitas automatizar registros, llamadas o mostrar tus productos<\/p>\n<p>este paquete es tu mejor opci\u00f3n.<\/p>\n<p>&nbsp;<\/p>\n<p>\u00bfQue incluye el paquete?<\/p>\n<p>* Reuniones por videollamada con el equipo de negocio<\/p>\n<ul>\n<li>Se agendar\u00e1n reuniones en las cuales se les dar\u00e1 valor a modo de SPRINTS<\/li>\n<\/ul>\n<p>* Reuniones por videollamada con el equipo de desarrollo<\/p>\n<ul>\n<li>Se crear\u00e1n los alcances del proyecto, bien definido<\/li>\n<\/ul>\n<p>* Reuniones por videollamada con el equipo de dise\u00f1o de UX\/UI<\/p>\n<ul>\n<li>Obtendremos en las primeras reuniones una vision general de la aplicaci\u00f3n<\/li>\n<li>Se generar\u00e1n propuestas de dise\u00f1o y tipografia para su aplicaci\u00f3n<\/li>\n<\/ul>\n<p>* Entrega de Base de datos con el control del lado del cliente<\/p>\n<ul>\n<li>El control total de la base de datos lo tendr\u00e1 en todo momento el cliente<\/li>\n<li>Periodo de prueba va por nuestra cuenta<\/li>\n<\/ul>\n<p>* Entrega de codigo fuente Multiplataforma<\/p>\n<ul>\n<li>Codigo fuente con CleanArchitecture<\/li>\n<li>Escrito en Kotlin<\/li>\n<\/ul>\n<p>* Aplicaci\u00f3n publicada en Tiendas<\/p>\n<ul>\n<li>Publicaci\u00f3n sin costo por 1 a\u00f1o en AppStore<\/li>\n<li>Publicaci\u00f3n sin costo de POR VIDA en PlayStore<\/li>\n<\/ul>\n<p>* Seguimiento de la aplicacion por bugs<\/p>\n<ul>\n<li>Se incluye un periodo de pruebas de 3 meses<\/li>\n<li>Posibilidad de incluir cambios peque\u00f1os (Por definir en reuniones)<\/li>\n<li>Seguimiento a largo plazo<\/li>\n<\/ul>\n<p>* Capacitaci\u00f3n de desarrolladores<\/p>\n<ul>\n<li>Al entregar el proyecto al cliente les capacitamos a un equipo de 3 personas SIN COSTO<\/li>\n<\/ul>\n","protected":false},"excerpt":{"rendered":"<p><img decoding=\"async\" src=\"https:\/\/fiverr-res.cloudinary.com\/images\/q_auto,f_auto\/gigs\/217863057\/original\/a78665f6f8ffdc427f68aa9a0da8f66d1bc4f3a7\/develop-react-native-apps.png\" alt=\"Desarrollar aplicaciones nativas reaccionar\" \/><\/p>\n","protected":false},"featured_media":20,"comment_status":"open","ping_status":"closed","template":"","meta":[],"product_cat":[18,19],"product_tag":[23,25,20,24,22,21],"jetpack_sharing_enabled":true,"_links":{"self":[{"href":"https:\/\/borealnetwork.org\/store\/index.php\/wp-json\/wp\/v2\/product\/19"}],"collection":[{"href":"https:\/\/borealnetwork.org\/store\/index.php\/wp-json\/wp\/v2\/product"}],"about":[{"href":"https:\/\/borealnetwork.org\/store\/index.php\/wp-json\/wp\/v2\/types\/product"}],"replies":[{"embeddable":true,"href":"https:\/\/borealnetwork.org\/store\/index.php\/wp-json\/wp\/v2\/comments?post=19"}],"wp:featuredmedia":[{"embeddable":true,"href":"https:\/\/borealnetwork.org\/store\/index.php\/wp-json\/wp\/v2\/media\/20"}],"wp:attachment":[{"href":"https:\/\/borealnetwork.org\/store\/index.php\/wp-json\/wp\/v2\/media?parent=19"}],"wp:term":[{"taxonomy":"product_cat","embeddable":true,"href":"https:\/\/borealnetwork.org\/store\/index.php\/wp-json\/wp\/v2\/product_cat?post=19"},{"taxonomy":"product_tag","embeddable":true,"href":"https:\/\/borealnetwork.org\/store\/index.php\/wp-json\/wp\/v2\/product_tag?post=19"}],"curies":[{"name":"wp","href":"https:\/\/api.w.org\/{rel}","templated":true}]}}